193326334?
2, 89, 1086103
What are the prime factors of 84708084?
2, 3, 7059007
List the prime factors of 920560707.
3, 11, 947, 1091
List the prime factors of 575947847.
15991, 36017
List the prime factors of 398533099.
398533099
What are the prime factors of 108043693?
108043693
What are the prime factors of 65744013?
3, 211, 283, 367
What are the prime factors of 4067840456?
2, 1381, 368197
List the prime factors of 8419068.
2, 3, 7, 33409
List the prime factors of 918007425.
3, 5, 41, 11057
What are the prime factors of 94001127?
3, 11, 37, 167, 461
What are the prime factors of 5029058640?
2, 3, 5, 313, 66947
What are the prime factors of 88095836?
2, 17, 101, 127
List the prime factors of 1763577944.
2, 709, 310927
What are the prime factors of 108114875?
5, 11, 61, 1289
What are the prime factors of 4088600997?
3, 13, 17, 79, 251, 311
List the prime factors of 113882334.
2, 3, 18980389
List the prime factors of 7619482247.
13, 181, 3238199
What are the prime factors of 71674467?
3, 23891489
List the prime factors of 1696208364.
2, 3, 2129, 2459
List the prime factors of 2500344777.
3, 7, 119064037
What are the prime factors of 2064729018?
2, 3, 11, 31283773
What are the prime factors of 51960388?
2, 12990097
What are the prime factors of 133094826?
2, 3, 821573
What are the prime factors of 1396842205?
5, 11, 1153, 22027
List the prime factors of 758639414.
2, 13, 29178439
What are the prime factors of 5521547940?
2, 3, 5, 92025799
List the prime factors of 10220054.
2, 13, 393079
List the prime factors of 260440648.
2, 13, 29, 86353
What are the prime factors of 2290437334?
2, 1145218667
List the prime factors of 44191405.
5, 137, 64513
What are the prime factors of 91292544?
2, 3, 7, 11321
What are the prime factors of 8798236?
2, 23, 95633
List the prime factors of 144645144.
2, 3, 7, 349, 2467
What are the prime factors of 33477279?
3, 11, 41, 109, 227
List the prime factors of 3220025.
5, 19, 6779
List the prime factors of 155090316.
2, 3, 12924193
List the prime factors of 259420643.
2833, 91571
List the prime factors of 2965488874.
2, 17, 311, 280451
List the prime factors of 107442601.
7, 17, 263, 3433
What are the prime factors of 6044373?
3, 59, 11383
What are the prime factors of 25117727?
25117727
List the prime factors of 345314945.
5, 69062989
What are the prime factors of 601412010?
2, 3, 5, 173, 115879
What are the prime factors of 1983961855?
5, 19, 97, 215297
What are the prime factors of 512815201?
971, 528131
List the prime factors of 1954703603.
19, 102879137
What are the prime factors of 230277443?
11, 41, 89, 5737
What are the prime factors of 220443375?
3, 5, 587849
What are the prime factors of 456871675?
5, 13, 1405759
List the prime factors of 1578373260.
2, 3, 5, 26306221
List the prime factors of 1779231185.
5, 355846237
What are the prime factors of 3254871012?
2, 3, 271239251
List the prime factors of 1758050928.
2, 3, 1307, 9341
List the prime factors of 89416563.
3, 607, 49103
List the prime factors of 3437761502.
2, 7, 197, 178067
List the prime factors of 31514956.
2, 11, 716249
What are the prime factors of 328917751?
17, 3919, 4937
List the prime factors of 595687569.
3, 1301, 152623
List the prime factors of 127082858.
2, 7, 9077347
What are the prime factors of 362333846?
2, 7, 25880989
List the prime factors of 321328955.
5, 1063, 60457
List the prime factors of 190860922.
2, 7, 71, 192013
What are the prime factors of 1337144606?
2, 7, 23, 1811, 2293
List the prime factors of 3498172.
2, 874543
List the prime factors of 2205534622.
2, 29, 38026459
List the prime factors of 2126905076.
2, 531726269
What are the prime factors of 1124998896?
2, 3, 7, 757, 4423
What are the prime factors of 285235628?
2, 2203, 32369
List the prime factors of 123566551.
163, 557, 1361
What are the prime factors of 98645256?
2, 3, 37, 12343
List the prime factors of 3401822132.
2, 850455533
List the prime factors of 52117421.
89, 97, 6037
List the prime factors of 93778131.
3, 31, 83, 12149
List the prime factors of 972751485.
3, 5, 1811, 35809
List the prime factors of 349547446.
2, 19, 61, 150797
List the prime factors of 266903009.
17, 67, 234331
List the prime factors of 6122321828.
2, 7, 218654351
What are the prime factors of 59819425?
5, 2392777
What are the prime factors of 2401913183?
2401913183
List the prime factors of 2815334599.
7, 11, 1987, 18401
List the prime factors of 78707049.
3, 26235683
What are the prime factors of 988715857?
251, 1549, 2543
What are the prime factors of 4032279781?
1619, 2490599
List the prime factors of 123625648.
2, 1429, 5407
What are the prime factors of 89445082?
2, 44722541
What are the prime factors of 47194839?
3, 17, 229, 449
List the prime factors of 9376211.
13, 487, 1481
List the prime factors of 1148316559.
13, 241, 313, 1171
List the prime factors of 249150900.
2, 3, 5, 830503
What are the prime factors of 1165987446?
2, 3, 13, 197, 449
What are the prime factors of 43892268?
2, 3, 7, 53, 9859
What are the prime factors of 198756600?
2, 3, 5, 7, 37, 1279
List the prime factors of 92008582.
2, 2411, 19081
What are the prime factors of 1244804943?
3, 257, 1614533
What are the prime factors of 2940121367?
83, 313, 113173
List the prime factors of 175457693.
1201, 146093
What are the prime factors of 31433876?
2, 31, 53, 4783
List the prime factors of 254510912.
2, 3976733
What are the prime factors of 1358470998?
2, 3, 1637, 46103
What are the prime factors of 16215904?
2, 313, 1619
List the prime factors of 134649585.
3, 5, 7, 31, 13789
What are the prime factors of 42478251?
3, 107, 132331
What are the prime factors of 852717989?
89, 107, 151, 593
List the prime factors of 17834100.
2, 3, 5, 59447
List the prime factors of 80459948.
2, 97, 207371
What are the prime factors of 1980797278?
2, 990398639
What are the prime factors of 49562663?
3079, 16097
What are the prime factors of 5809186362?
2, 3, 7, 138313961
List the prime factors of 38089316.
2, 17, 560137
List the prime factors of 720411277.
19, 37916383
List the prime factors of 532048234.
2, 37, 881, 8161
What are the prime factors of 1780977746?
2, 890488873
What are the prime factors of 6827700637?
29, 7717, 30509
List the prime factors of 761651825.
5, 11, 1237, 2239
List the prime factors of 4985226536.
2, 19, 97, 338119
What are the prime factors of 577608887?
37, 659, 23689
List the prime factors of 47706853.
19, 23, 109169
List the prime factors of 1332191536.
2, 13, 17, 19, 79, 251
What are the prime factors of 141682303?
7, 53, 521, 733
List the prime factors of 1426946710.
2, 5, 7, 20384953
What are the prime factors of 253237878?
2, 3, 14068771
What are the prime factors of 267885434?
2, 133942717
What are the prime factors of 698520570?
2, 3, 5, 11, 2116729
List the prime factors of 2741870271.
3, 7, 130565251
List the prime factors of 126759552.
2, 3, 330103
List the prime factors of 2918045028.
2, 3, 523, 464953
What are the prime factors of 558608555?
5, 1741, 64171
What are the prime factors of 356873950?
2, 5, 191, 37369
List the prime factors of 677833290.
2, 3, 5, 31, 127, 1913
What are the prime factors of 56461099?
2459, 22961
What are the prime factors of 42842309?
29, 1477321
List the prime factors of 54198804.
2, 3, 11, 163, 229
What are the prime factors of 72066038?
2, 11, 23, 73, 1951
List the prime factors of 76434127.
7, 11, 31, 41, 71
List the prime factors of 2665438749.
3, 29, 79, 257, 503
List the prime factors of 239092545.
3, 5, 15939503
What are the prime factors of 67311940?
2, 5, 3365597
What are the prime factors of 516426172?
2, 7603, 16981
What are the prime factors of 46483281?
3, 13, 61, 167
List the prime factors of 63433005.
3, 5, 29, 145823
List the prime factors of 103574330.
2, 5, 10357433
List the prime factors of 171824682.
2, 3, 28637447
List the prime factors of 931470851.
17, 6709, 8167
List the prime factors of 61559447.
53, 1161499
What are the prime factors of 80319028?
2, 20079757
What are the prime factors of 571519046?
2, 7, 109, 53503
What are the prime factors of 92650825?
5, 83, 44651
List the prime factors of 322625887.
322625887
What are the prime factors of 63920042?
2, 31960021
List the prime factors of 614471502.
2, 3, 102411917
List the p